{"id":12,"date":"2016-11-02T15:16:34","date_gmt":"2016-11-02T14:16:34","guid":{"rendered":"http:\/\/alas-danse.fr\/?page_id=12"},"modified":"2025-09-13T16:21:32","modified_gmt":"2025-09-13T14:21:32","slug":"modern-jazz","status":"publish","type":"page","link":"https:\/\/alas-danse.fr\/?page_id=12","title":{"rendered":"MODERN JAZZ"},"content":{"rendered":"<p>&nbsp;<\/p>\n<p style=\"text-align: justify;\"><img loading=\"lazy\" decoding=\"async\" class=\"alignnone size-thumbnail wp-image-1271\" src=\"http:\/\/alas-danse.fr\/wp-content\/uploads\/2016\/11\/IMG_0265-2-150x150.jpg\" alt=\"IMG_0265 2\" width=\"150\" height=\"150\" \/>\u00a0<img loading=\"lazy\" decoding=\"async\" class=\"alignnone size-thumbnail wp-image-1272\" src=\"http:\/\/alas-danse.fr\/wp-content\/uploads\/2016\/11\/IMG_0543-2-150x150.jpg\" alt=\"IMG_0543 2\" width=\"150\" height=\"150\" \/>\u00a0<img loading=\"lazy\" decoding=\"async\" class=\"alignnone size-thumbnail wp-image-1273\" src=\"http:\/\/alas-danse.fr\/wp-content\/uploads\/2016\/11\/IMG_2021-2-150x150.jpg\" alt=\"IMG_2021 2\" width=\"150\" height=\"150\" \/>\u00a0<img loading=\"lazy\" decoding=\"async\" class=\"alignnone size-thumbnail wp-image-1274\" src=\"http:\/\/alas-danse.fr\/wp-content\/uploads\/2016\/11\/IMG_2258-2-150x150.jpg\" alt=\"IMG_2258 2\" width=\"150\" height=\"150\" \/>\u00a0<img loading=\"lazy\" decoding=\"async\" class=\"alignnone size-thumbnail wp-image-1275\" src=\"http:\/\/alas-danse.fr\/wp-content\/uploads\/2016\/11\/DT-33-150x150.jpg\" alt=\"DT (33)\" width=\"150\" height=\"150\" \/>\u00a0<img loading=\"lazy\" decoding=\"async\" class=\"alignnone size-thumbnail wp-image-1276\" src=\"http:\/\/alas-danse.fr\/wp-content\/uploads\/2016\/11\/MBT-31-150x150.jpg\" alt=\"MBT (31)\" width=\"150\" height=\"150\" \/>\u00a0<img loading=\"lazy\" decoding=\"async\" class=\"alignnone size-thumbnail wp-image-1277\" src=\"http:\/\/alas-danse.fr\/wp-content\/uploads\/2016\/11\/MBT-150-150x150.jpg\" alt=\"MBT (150)\" width=\"150\" height=\"150\" \/>\u00a0<img loading=\"lazy\" decoding=\"async\" class=\"alignnone size-thumbnail wp-image-1278\" src=\"http:\/\/alas-danse.fr\/wp-content\/uploads\/2016\/11\/MBT-94-150x150.jpg\" alt=\"MBT (94)\" width=\"150\" height=\"150\" \/>\u00a0<img loading=\"lazy\" decoding=\"async\" class=\"alignnone size-thumbnail wp-image-1279\" src=\"http:\/\/alas-danse.fr\/wp-content\/uploads\/2016\/11\/OB-79-150x150.jpg\" alt=\"OB (79)\" width=\"150\" height=\"150\" \/>\u00a0<img loading=\"lazy\" decoding=\"async\" class=\"alignnone size-thumbnail wp-image-1280\" src=\"http:\/\/alas-danse.fr\/wp-content\/uploads\/2016\/11\/OB-87-150x150.jpg\" alt=\"OB (87)\" width=\"150\" height=\"150\" \/>Gala 2024<\/p>\n<p>&nbsp;<\/p>\n<p>Les cours sont accessibles \u00e0 tous, m\u00eame aux d\u00e9butants (hors mis pour les adultes ou il faut dej\u00e0 avoir pratiqu\u00e9 le modern-jazz)), \u00e0 tous les niveaux.<\/p>\n<p><strong><span style=\"color: #c8d200;\">&gt; Cours \u00ab\u00a0Eveil\u00a0\u00bb et \u00ab\u00a0Initiation\u00a0\u00bb<\/span><\/strong><br \/>\nAppropri\u00e9s aux enfants de 5 \u00e0 7 ans : \u00e9veil corporel, prise de conscience de son corps et d\u00e9placement dans l&rsquo;espace&#8230;<\/p>\n<p><strong><span style=\"color: #c8d200;\">Cours \u00ab\u00a0Pr\u00e9paratoire et \u00e9l\u00e9mentaire \u00ab\u00a0<\/span><\/strong><br \/>\npour les enfants \u00e0 partir de 8 ans : initiation \u00e0 la danse modern jazz, avec chor\u00e9graphies adapt\u00e9es \u00e0 leur \u00e2ge.<\/p>\n<p><strong><span style=\"color: #c8d200;\">Cours \u00ab\u00a0Moyen et interm\u00e9diaire\u00a0\u00bb<\/span><\/strong><br \/>\nEntre 12 et 15 ans, commence l&rsquo;apprentissage de la technique et des pas &#8230;<\/p>\n<p><strong><span style=\"color: #c8d200;\">&gt; Cours \u00ab\u00a0Adultes\u00a0\u00bb<\/span><\/strong><br \/>\nDanse modern jazz appliqu\u00e9e, \u00e0 des niveaux diff\u00e9rents:\u00a0moyen\u00a0\u00e0 avanc\u00e9.<\/p>\n<p><span style=\"text-decoration: underline;\"><strong>Tenue pour les cours :<\/strong><\/span><br \/>\n&#8211; un pantalon de jazz noir ou un cale\u00e7on de danse noir et un tee shirt.<\/p>\n<p>&#8211; Les cheveux doivent \u00eatre attach\u00e9s<\/p>\n<p>&#8211; le modern jazz se pratique pieds nus<\/p>\n<h4><span style=\"text-decoration: underline; color: #800080;\"><strong>Le professeur:<\/strong><\/span><\/h4>\n<p><strong><span style=\"text-decoration: underline;\">Esther Cathary:<\/span><\/strong><\/p>\n<p>Form\u00e9e dans une \u00e9cole de danse de Vannes pendant toute sa scolarit\u00e9, Esther d\u00e9cide de continuer sa formation aupr\u00e8s du Cefedem de Rennes et Nantes avec de grands p\u00e9dagogues comme Daniel Housset ou Patricia Karagozian, fin de devenir professeur de danse jazz. En plus de sa formation au dipl\u00f4me d&rsquo;\u00e9tat de professeur de danse Jazz, Esther prend de nombreux stages afin de se perfectionner aupr\u00e8s des plus grands danseurs et p\u00e9dagogues tels que Marie-Claude Pietragalla, Julien Derouault, Hubert Petit-Phar, Cathy Grouet, James Carl\u00e8s, Wayne Barbaste, rick Odums, Giannin Lorring et Patrice Val\u00e9ro, Bruce Raylor, Vendetta Matthea et bien d&rsquo;autres<span style=\"color: black; font-family: 'Helvetica Neue',serif; font-size: 8.5pt;\">\u00a0&#8230;&#8230;<\/span><\/p>\n<p>Dipl\u00f4me en poche elle d\u00e9cide, apr\u00e8s un gros coup de c\u0153ur pour Wayne Barbaste, de continuer son perfecionnement avec une formation de danseur interpr\u00e8te au centre Calabash dirig\u00e9 par ce dernier. Elle a l&rsquo;honneur de danser sur sc\u00e8ne des pi\u00e8ces chor\u00e9graphi\u00e9es par de grands noms de la danse tels Rick Odums, Alain Gruttadoria, Patrice Valero, Alexandra Lemoine, Corinne Lanselle &#8230;.<\/p>\n<p>Enseignante jazz en parall\u00e8le de ses cours, elle a la chance de travailler dans diverses associations et \u00e9coles priv\u00e9es qui enrichissent son travail p\u00e9dagogique tout au long de ses ann\u00e9es.<\/p>\n<p>Apr\u00e8s ses formations elle part danser \u00e0 Las Vegas et continue ensuite son cursus en prenant des cours au studio Harmonic de Paris pendant plusieurs mois.<\/p>\n<p>Aujourd&rsquo;hui Esther est un professeur passionn\u00e9 qui enseigne avec dynamisme rigueur et douceur une danse m\u00e9tiss\u00e9e qui tient \u00e0 d\u00e9velopper le sens artistique de ses \u00e9l\u00e8ves tout en les formant techniquement.<br \/>\nDanses enseign\u00e9es \u00e0 l\u2019ALAS : <span style=\"color: #0000ff;\"><a title=\"MODERN JAZZ\" href=\"http:\/\/alas-danse.com\/modern-jazz\/\">modern Jazz enfants et adultes<\/a><\/span><\/p>\n<div id=\"yiv7220075395m_-4406892987290621862yiv1276325078yui_3_16_0_ym19_1_1473188828861_14888\" dir=\"ltr\">\n<div dir=\"ltr\"><span style=\"color: #0000ff;\">\u00a0<\/span><\/div>\n<p><span style=\"text-decoration: underline;\"><strong>Lieu :<\/strong><\/span><br \/>\nEspace Culturel de Vertou \u00ab\u00a0cour et jardin\u00a0\u00bb, \u00e0 l&rsquo;angle des rues Henri Delahaye et du 11 Novembre 1918.<\/p>\n<\/div>\n<h5><strong>Pour la saison 2025-2026, les cours auront lieu le mercredi et le vendredi<\/strong>. Vous trouverez ci-apr\u00e8s un tableau retra\u00e7ant l&rsquo;organisation de ces journ\u00e9es.<\/h5>\n<table border=\"1\" cellspacing=\"0\" cellpadding=\"3\">\n<tbody>\n<tr valign=\"top\">\n<td><strong>Cours<\/strong><\/td>\n<td><strong>Horaires <\/strong><\/td>\n<td><strong>Age <\/strong><\/td>\n<td><strong>Jour <\/strong><\/td>\n<\/tr>\n<tr valign=\"top\">\n<td>Eveil 5 ans<\/td>\n<td>de 16h30 \u00e0 17h15<\/td>\n<td>2020 \/ 5 ans<\/td>\n<td>Mercredi<\/td>\n<\/tr>\n<tr valign=\"top\">\n<td>Eveil 6 ans<\/td>\n<td>de 17h15 \u00e0 18h00<\/td>\n<td>2019 \/ 6 ans<\/td>\n<td>Mercredi<\/td>\n<\/tr>\n<tr valign=\"top\">\n<td>Initiation<\/td>\n<td>de 15h45 \u00e0 16h30<\/td>\n<td>2018 \/ 7 ans<\/td>\n<td>Mercredi<\/td>\n<\/tr>\n<tr valign=\"top\">\n<td>Pr\u00e9paratoire<\/td>\n<td>de 13h45 \u00e0 14h45<\/td>\n<td>2016-17 \/ 8-9 ans<\/td>\n<td>Mercredi<\/td>\n<\/tr>\n<tr valign=\"top\">\n<td>El\u00e9mentaire 2<\/td>\n<td>de 17h15 \u00e0 18h15<\/td>\n<td>2012-13 \/12-13 ans<\/td>\n<td>Vendredi<\/td>\n<\/tr>\n<tr valign=\"top\">\n<td>Moyen ado<\/td>\n<td>de 18h15 \u00e0 19h15<\/td>\n<td>2010-11 \/ 14-15 ans<\/td>\n<td>Vendredi<\/td>\n<\/tr>\n<tr valign=\"top\">\n<td>El\u00e9mentaire 1<\/td>\n<td>de 14h45 \u00e0 15h45<\/td>\n<td>2014-15 \/10-11\u00a0ans<\/td>\n<td>Mercredi<\/td>\n<\/tr>\n<tr valign=\"top\">\n<td>Interm\u00e9diaire<\/td>\n<td>de 18h00 \u00e0 19h15<\/td>\n<td>16 &#8211; 18 ans<\/td>\n<td>Mercredi<\/td>\n<\/tr>\n<tr valign=\"top\">\n<td>Adulte Moyen<\/td>\n<td>de 19h15 \u00e0 20h30<\/td>\n<td>Adulte<\/td>\n<td>Mercredi<\/td>\n<\/tr>\n<tr valign=\"top\">\n<td>Adulte\u00a0Avanc\u00e9<\/td>\n<td>de 20h30 \u00e0 21h45<\/td>\n<td>Adulte<\/td>\n<td>Mercredi<\/td>\n<\/tr>\n<tr valign=\"top\">\n<td>Adulte\u00a0interm\u00e9diaire<\/td>\n<td>de 19h15 \u00e0 20h30<\/td>\n<td>Adulte<\/td>\n<td>Vendredi<\/td>\n<\/tr>\n<tr valign=\"top\">\n<td>Avanc\u00e9<\/td>\n<td>de 20h30 \u00e0 21h45<\/td>\n<td>Adulte<\/td>\n<td>Vendredi<\/td>\n<\/tr>\n<\/tbody>\n<\/table>\n<p><span style=\"color: #993366;\"><strong><span style=\"text-decoration: underline;\">Inscription<\/span><\/strong> :<\/span> Pour \u00eatre adh\u00e9rent, il faut avoir au moins <em>5 ans r\u00e9volus \u00e0 la rentr\u00e9e 2025<\/em>; si des places sont disponibles, les \u00ab\u00a05 ans avant fin 2025\u00a0\u00bb seront pris dans l&rsquo;ordre d&rsquo;inscription sur liste d&rsquo;attente. Il n&rsquo;y a pas de limite d&rsquo;\u00e2ge au-del\u00e0.<\/p>\n<h2 style=\"text-align: center;\"><a href=\"http:\/\/alas-danse.fr\/?page_id=22\"><span style=\"text-decoration: underline; color: #ff0000;\"><span style=\"text-decoration: underline;\">I<\/span>NSCRIPTION<\/span><\/a><\/h2>\n<p><strong><span style=\"text-decoration: underline;\">Les r\u00e9inscriptions<\/span><\/strong>\u00a0seront \u00e9t\u00e9 envoy\u00e9 par mail.<\/p>\n<p>Les inscriptions se feront \u00e0 partir du 15 Juillet 2025 par \u00ab\u00a0Helloasso\u00a0\u00bb lien mis sur la page \u00ab\u00a0<a href=\"http:\/\/alas-danse.fr\/?page_id=22\">Inscription<\/a>\u00ab\u00a0.<\/p>\n<h4 style=\"text-align: left;\"><span style=\"color: #ff0000;\"><span style=\"color: #000000;\">Pour<\/span> <span style=\"color: #000000;\">toutes infos<\/span><span style=\"color: #000000;\"> supl\u00e9mentaires sur les<\/span> <span style=\"color: #000000;\">inscriptions<\/span><a title=\"INSCRIPTIONS ET TARIFS Saison 2016-2017\" href=\"http:\/\/alas-danse.com\/inscriptions-2012-2013\/\"><span style=\"color: #000000;\">,<\/span><\/a><span style=\"color: #000000;\"> les modalit\u00e9s<\/span><a title=\"INSCRIPTIONS ET TARIFS Saison 2016-2017\" href=\"http:\/\/alas-danse.com\/inscriptions-2012-2013\/\"><span style=\"color: #000000;\">,<\/span><\/a><span style=\"color: #000000;\"> contacter ALAS DANSE par mail ou par t\u00e9l\u00e9phone<\/span><span style=\"color: #000000;\">.<\/span><\/span><\/h4>\n<h2><a href=\"http:\/\/alas-danse.fr\/?page_id=57\"><span style=\"color: #000000;\">Contact<\/span><\/a><\/h2>\n<p><strong><span style=\"text-decoration: underline;\">Des questions ?<\/span><\/strong><\/p>\n<p>Merci de remplir le formulaire ci-dessous pour nous envoyer un message, n&rsquo;oubliez pas de pr\u00e9ciser le cours dans lequel vous \u00eates inscrit ou\u00a0dans lequel vous souhaitez vous inscrire.<br \/>\nNous vous r\u00e9pondrons dans les meilleurs d\u00e9lais.<\/p>\n\n<div class=\"wpcf7 no-js\" id=\"wpcf7-f68-o1\" lang=\"fr-FR\" dir=\"ltr\" data-wpcf7-id=\"68\">\n<div class=\"screen-reader-response\"><p role=\"status\" aria-live=\"polite\" aria-atomic=\"true\"><\/p> <ul><\/ul><\/div>\n<form action=\"\/index.php?rest_route=%2Fwp%2Fv2%2Fpages%2F12#wpcf7-f68-o1\" method=\"post\" class=\"wpcf7-form init\" aria-label=\"Formulaire de contact\" novalidate=\"novalidate\" data-status=\"init\">\n<fieldset class=\"hidden-fields-container\"><input type=\"hidden\" name=\"_wpcf7\" value=\"68\" \/><input type=\"hidden\" name=\"_wpcf7_version\" value=\"6.1.1\" \/><input type=\"hidden\" name=\"_wpcf7_locale\" value=\"fr_FR\" \/><input type=\"hidden\" name=\"_wpcf7_unit_tag\" value=\"wpcf7-f68-o1\" \/><input type=\"hidden\" name=\"_wpcf7_container_post\" value=\"0\" \/><input type=\"hidden\" name=\"_wpcf7_posted_data_hash\" value=\"\" \/>\n<\/fieldset>\n<p><label> Votre nom (obligatoire)<br \/>\n<span class=\"wpcf7-form-control-wrap\" data-name=\"your-name\"><input size=\"40\" maxlength=\"400\" class=\"wpcf7-form-control wpcf7-text wpcf7-validates-as-required\" aria-required=\"true\" aria-invalid=\"false\" value=\"\" type=\"text\" name=\"your-name\" \/><\/span> <\/label>\n<\/p>\n<p><label> Votre e-mail (obligatoire)<br \/>\n<span class=\"wpcf7-form-control-wrap\" data-name=\"your-email\"><input size=\"40\" maxlength=\"400\" class=\"wpcf7-form-control wpcf7-email wpcf7-validates-as-required wpcf7-text wpcf7-validates-as-email\" aria-required=\"true\" aria-invalid=\"false\" value=\"\" type=\"email\" name=\"your-email\" \/><\/span> <\/label>\n<\/p>\n<p><label> Sujet<br \/>\n<span class=\"wpcf7-form-control-wrap\" data-name=\"your-subject\"><input size=\"40\" maxlength=\"400\" class=\"wpcf7-form-control wpcf7-text\" aria-invalid=\"false\" value=\"\" type=\"text\" name=\"your-subject\" \/><\/span> <\/label>\n<\/p>\n<p><label> Votre message<br \/>\n<span class=\"wpcf7-form-control-wrap\" data-name=\"your-message\"><textarea cols=\"40\" rows=\"10\" maxlength=\"2000\" class=\"wpcf7-form-control wpcf7-textarea\" aria-invalid=\"false\" name=\"your-message\"><\/textarea><\/span> <\/label>\n<\/p>\n<p><input class=\"wpcf7-form-control wpcf7-submit has-spinner\" type=\"submit\" value=\"Envoyer\" \/>\n<\/p><div class=\"wpcf7-response-output\" aria-hidden=\"true\"><\/div>\n<\/form>\n<\/div>\n\n<p>&nbsp;<\/p>\n","protected":false},"excerpt":{"rendered":"<p>&nbsp; \u00a0\u00a0\u00a0\u00a0\u00a0\u00a0\u00a0\u00a0\u00a0Gala 2024 &nbsp; Les cours sont accessibles \u00e0 tous, m\u00eame aux d\u00e9butants (hors mis pour les adultes ou il<\/p>\n","protected":false},"author":1,"featured_media":0,"parent":0,"menu_order":0,"comment_status":"closed","ping_status":"closed","template":"","meta":{"colormag_page_container_layout":"no_sidebar_full_width","colormag_page_sidebar_layout":"no_sidebar","footnotes":""},"class_list":["post-12","page","type-page","status-publish","hentry"],"jetpack_sharing_enabled":true,"_links":{"self":[{"href":"https:\/\/alas-danse.fr\/index.php?rest_route=\/wp\/v2\/pages\/12","targetHints":{"allow":["GET"]}}],"collection":[{"href":"https:\/\/alas-danse.fr\/index.php?rest_route=\/wp\/v2\/pages"}],"about":[{"href":"https:\/\/alas-danse.fr\/index.php?rest_route=\/wp\/v2\/types\/page"}],"author":[{"embeddable":true,"href":"https:\/\/alas-danse.fr\/index.php?rest_route=\/wp\/v2\/users\/1"}],"replies":[{"embeddable":true,"href":"https:\/\/alas-danse.fr\/index.php?rest_route=%2Fwp%2Fv2%2Fcomments&post=12"}],"version-history":[{"count":82,"href":"https:\/\/alas-danse.fr\/index.php?rest_route=\/wp\/v2\/pages\/12\/revisions"}],"predecessor-version":[{"id":1406,"href":"https:\/\/alas-danse.fr\/index.php?rest_route=\/wp\/v2\/pages\/12\/revisions\/1406"}],"wp:attachment":[{"href":"https:\/\/alas-danse.fr\/index.php?rest_route=%2Fwp%2Fv2%2Fmedia&parent=12"}],"curies":[{"name":"wp","href":"https:\/\/api.w.org\/{rel}","templated":true}]}}