{"id":16,"date":"2016-11-02T15:19:00","date_gmt":"2016-11-02T14:19:00","guid":{"rendered":"http:\/\/alas-danse.fr\/?page_id=16"},"modified":"2025-09-13T16:21:47","modified_gmt":"2025-09-13T14:21:47","slug":"multidanses-danse-solo","status":"publish","type":"page","link":"https:\/\/alas-danse.fr\/?page_id=16","title":{"rendered":"MULTIDANSES (DANSE SOLO)"},"content":{"rendered":"<p>&nbsp;<\/p>\n<h2 style=\"text-align: center;\"><img loading=\"lazy\" decoding=\"async\" class=\"alignnone size-medium wp-image-513\" src=\"http:\/\/alas-danse.fr\/wp-content\/uploads\/2016\/11\/Multidanses-300x213.jpg\" alt=\"Multidanses\" width=\"300\" height=\"213\" srcset=\"https:\/\/alas-danse.fr\/wp-content\/uploads\/2016\/11\/Multidanses-300x213.jpg 300w, https:\/\/alas-danse.fr\/wp-content\/uploads\/2016\/11\/Multidanses.jpg 768w\" sizes=\"auto, (max-width: 300px) 100vw, 300px\" \/><\/h2>\n<h2 style=\"text-align: center;\"><strong><span style=\"color: #ffcc00;\">Le cours MULTIDANSES <\/span><\/strong>: d\u00e9tendez-vous, respirez, riez &#8230;bougez !<span class=\"color_12\">.<\/span><\/h2>\n<p>Panel de chor\u00e9graphies solo, \u00e0 deux, en cercle&#8230; ce cours est ouvert \u00e0 un large public.<\/p>\n<p>&nbsp;<\/p>\n<p>Apprendre, comprendre mais surtout prendre son temps, ensemble pour s\u2019amuser.<br \/>\nLa multidanses porte bien son nom, on pourra y pratiquer des danses traditionnelles celtiques \u00e0 plusieurs pour plus de convivialit\u00e9.<br \/>\nEt aussi, D\u00e9couvrir des rythmes salsa, tango, rock, Jazz\u2026.. apprendre des pas de bases sur des musiques que nous pourrions retrouver en soir\u00e9e !<br \/>\nLe cours commencera par un petit \u00e9chauffement de quelque minutes,<br \/>\nPuis nous encha\u00eenerons les chor\u00e9graphies avec pour chacune un temps d\u2019apprentissage des pas de base, et une d\u00e9couverte de la musique associ\u00e9e.<\/p>\n<p>Nous alternerons des chor\u00e9graphies solo, \u00e0 2, en groupe.<\/p>\n<p>Les chor\u00e9graphies seront r\u00e9p\u00e9t\u00e9es r\u00e9guli\u00e8rement au cours de l\u2019ann\u00e9e pour que nous puissions prendre plaisir \u00e0 les danse<\/p>\n<div><\/div>\n<div><\/div>\n<h2><span style=\"text-decoration: underline;\"><strong><span style=\"color: #800080; text-decoration: underline;\">Cours :<\/span><\/strong><span style=\"color: #800080; text-decoration: underline;\"><span style=\"color: #000000; text-decoration: underline;\">le\u00a0mardi midi<\/span><\/span><\/span><\/h2>\n<p><strong><span style=\"color: #800080;\">Lieu :\u00a0<\/span><\/strong><span style=\"color: #000000;\">Espace Culturel de Vertou \u00ab\u00a0cour et jardin\u00a0\u00bb, \u00e0 l&rsquo;angle des rues Henri Delahaye et du 11 Novembre 1918. Salle \u00ab\u00a0Activit\u00e9\u00a0\u00bb<\/span><\/p>\n<p><strong><span style=\"color: #800080;\">Cours D\u00e9butant :\u00a0<\/span><\/strong><span style=\"color: #800080;\"><span style=\"color: #000000;\">de 12h30 \u00e0 13h30<\/span><\/span><\/p>\n<p><strong><span style=\"color: #800080;\">Cours inter-avanc\u00e9 :\u00a0<\/span><\/strong><span style=\"color: #800080;\"><span style=\"color: #000000;\">de 13h30 \u00e0 14h30\u00a0<\/span><\/span><\/p>\n<p>&nbsp;<\/p>\n<h4><strong><span style=\"color: #800080;\">Le professeur :<\/span><\/strong><\/h4>\n<p><strong><u><span style=\"color: #000000;\">Pauline Le Chatal<\/span><\/u><\/strong><\/p>\n<p>J\u2019ai commenc\u00e9 la danse d\u00e8s mon plus jeune et n\u2019ai jamais arr\u00eat\u00e9.<br \/>\nL\u2019enseignement \u00e9tait une vocation .<br \/>\nC\u2019est donc comme une \u00e9vidence que j\u2019ai pass\u00e9 le D.E. Jazz en 2005.<br \/>\nDepuis j\u2019ai eu la chance d\u2019enseigner dans des lieux vari\u00e9s aupr\u00e8s de public de tous \u00e2ges. Depuis 25 ans je compl\u00e8te ma formation en participant \u00e0 des stages aupr\u00e8s de nombreux chor\u00e9graphes.<br \/>\nUne soif d\u2019apprendre et de partager avec les adh\u00e9rents pour que la danse soit un vecteur de libert\u00e9 et de confiance en soi.<\/p>\n<h2 style=\"text-align: center;\"><span style=\"text-decoration: underline;\"><a href=\"http:\/\/alas-danse.fr\/?page_id=22\"><span style=\"color: #ff0000;\"><span style=\"color: #ff0000; text-decoration: underline;\">INSCRIPTION<\/span><\/span><\/a><\/span><\/h2>\n<h4 style=\"text-align: left;\"><span style=\"color: #ff0000;\"><span style=\"color: #000000;\">Pour toute info sur les inscriptions<\/span><a title=\"INSCRIPTIONS ET TARIFS Saison 2016-2017\" href=\"http:\/\/alas-danse.com\/inscriptions-2012-2013\/\"><span style=\"color: #000000;\">,<\/span><\/a><span style=\"color: #000000;\"> les modalit\u00e9s<\/span><a title=\"INSCRIPTIONS ET TARIFS Saison 2016-2017\" href=\"http:\/\/alas-danse.com\/inscriptions-2012-2013\/\"><span style=\"color: #000000;\">,<\/span><\/a><span style=\"color: #000000;\"> contacter ALAS DANSE par mail ou par t\u00e9l\u00e9phone.<\/span><\/span><\/h4>\n<h2><a href=\"http:\/\/alas-danse.fr\/?page_id=57\"><strong><span style=\"color: #993366;\">Contact<\/span><\/strong><\/a><\/h2>\n<p><strong><span style=\"text-decoration: underline;\">Des questions ?<\/span><\/strong><\/p>\n<p>Merci de remplir le formulaire ci-dessous pour nous envoyer un message, n&rsquo;oubliez pas de pr\u00e9ciser le cours dans lequel vous \u00eates inscrit ou\u00a0dans lequel vous souhaitez vous inscrire.<br \/>\nNous vous r\u00e9pondrons dans les meilleurs d\u00e9lais.<\/p>\n\n<div class=\"wpcf7 no-js\" id=\"wpcf7-f68-o1\" lang=\"fr-FR\" dir=\"ltr\" data-wpcf7-id=\"68\">\n<div class=\"screen-reader-response\"><p role=\"status\" aria-live=\"polite\" aria-atomic=\"true\"><\/p> <ul><\/ul><\/div>\n<form action=\"\/index.php?rest_route=%2Fwp%2Fv2%2Fpages%2F16#wpcf7-f68-o1\" method=\"post\" class=\"wpcf7-form init\" aria-label=\"Formulaire de contact\" novalidate=\"novalidate\" data-status=\"init\">\n<fieldset class=\"hidden-fields-container\"><input type=\"hidden\" name=\"_wpcf7\" value=\"68\" \/><input type=\"hidden\" name=\"_wpcf7_version\" value=\"6.1.1\" \/><input type=\"hidden\" name=\"_wpcf7_locale\" value=\"fr_FR\" \/><input type=\"hidden\" name=\"_wpcf7_unit_tag\" value=\"wpcf7-f68-o1\" \/><input type=\"hidden\" name=\"_wpcf7_container_post\" value=\"0\" \/><input type=\"hidden\" name=\"_wpcf7_posted_data_hash\" value=\"\" \/>\n<\/fieldset>\n<p><label> Votre nom (obligatoire)<br \/>\n<span class=\"wpcf7-form-control-wrap\" data-name=\"your-name\"><input size=\"40\" maxlength=\"400\" class=\"wpcf7-form-control wpcf7-text wpcf7-validates-as-required\" aria-required=\"true\" aria-invalid=\"false\" value=\"\" type=\"text\" name=\"your-name\" \/><\/span> <\/label>\n<\/p>\n<p><label> Votre e-mail (obligatoire)<br \/>\n<span class=\"wpcf7-form-control-wrap\" data-name=\"your-email\"><input size=\"40\" maxlength=\"400\" class=\"wpcf7-form-control wpcf7-email wpcf7-validates-as-required wpcf7-text wpcf7-validates-as-email\" aria-required=\"true\" aria-invalid=\"false\" value=\"\" type=\"email\" name=\"your-email\" \/><\/span> <\/label>\n<\/p>\n<p><label> Sujet<br \/>\n<span class=\"wpcf7-form-control-wrap\" data-name=\"your-subject\"><input size=\"40\" maxlength=\"400\" class=\"wpcf7-form-control wpcf7-text\" aria-invalid=\"false\" value=\"\" type=\"text\" name=\"your-subject\" \/><\/span> <\/label>\n<\/p>\n<p><label> Votre message<br \/>\n<span class=\"wpcf7-form-control-wrap\" data-name=\"your-message\"><textarea cols=\"40\" rows=\"10\" maxlength=\"2000\" class=\"wpcf7-form-control wpcf7-textarea\" aria-invalid=\"false\" name=\"your-message\"><\/textarea><\/span> <\/label>\n<\/p>\n<p><input class=\"wpcf7-form-control wpcf7-submit has-spinner\" type=\"submit\" value=\"Envoyer\" \/>\n<\/p><div class=\"wpcf7-response-output\" aria-hidden=\"true\"><\/div>\n<\/form>\n<\/div>\n\n","protected":false},"excerpt":{"rendered":"<p>&nbsp; Le cours MULTIDANSES : d\u00e9tendez-vous, respirez, riez &#8230;bougez !. Panel de chor\u00e9graphies solo, \u00e0 deux, en cercle&#8230; ce cours<\/p>\n","protected":false},"author":1,"featured_media":0,"parent":0,"menu_order":0,"comment_status":"closed","ping_status":"closed","template":"","meta":{"colormag_page_container_layout":"no_sidebar_full_width","colormag_page_sidebar_layout":"no_sidebar","footnotes":""},"class_list":["post-16","page","type-page","status-publish","hentry"],"jetpack_sharing_enabled":true,"_links":{"self":[{"href":"https:\/\/alas-danse.fr\/index.php?rest_route=\/wp\/v2\/pages\/16","targetHints":{"allow":["GET"]}}],"collection":[{"href":"https:\/\/alas-danse.fr\/index.php?rest_route=\/wp\/v2\/pages"}],"about":[{"href":"https:\/\/alas-danse.fr\/index.php?rest_route=\/wp\/v2\/types\/page"}],"author":[{"embeddable":true,"href":"https:\/\/alas-danse.fr\/index.php?rest_route=\/wp\/v2\/users\/1"}],"replies":[{"embeddable":true,"href":"https:\/\/alas-danse.fr\/index.php?rest_route=%2Fwp%2Fv2%2Fcomments&post=16"}],"version-history":[{"count":63,"href":"https:\/\/alas-danse.fr\/index.php?rest_route=\/wp\/v2\/pages\/16\/revisions"}],"predecessor-version":[{"id":1407,"href":"https:\/\/alas-danse.fr\/index.php?rest_route=\/wp\/v2\/pages\/16\/revisions\/1407"}],"wp:attachment":[{"href":"https:\/\/alas-danse.fr\/index.php?rest_route=%2Fwp%2Fv2%2Fmedia&parent=16"}],"curies":[{"name":"wp","href":"https:\/\/api.w.org\/{rel}","templated":true}]}}

<p>&nbsp;</p>
<h2 style="text-align: center;"><img loading="lazy" decoding="async" class="alignnone size-medium wp-image-513" src="http://alas-danse.fr/wp-content/uploads/2016/11/Multidanses-300x213.jpg" alt="Multidanses" width="300" height="213" srcset="https://alas-danse.fr/wp-content/uploads/2016/11/Multidanses-300x213.jpg 300w, https://alas-danse.fr/wp-content/uploads/2016/11/Multidanses.jpg 768w" sizes="auto, (max-width: 300px) 100vw, 300px" /></h2>
<h2 style="text-align: center;"><strong><span style="color: #ffcc00;">Le cours MULTIDANSES </span></strong>: détendez-vous, respirez, riez &#8230;bougez !<span class="color_12">.</span></h2>
<p>Panel de chorégraphies solo, à deux, en cercle&#8230; ce cours est ouvert à un large public.</p>
<p>&nbsp;</p>
<p>Apprendre, comprendre mais surtout prendre son temps, ensemble pour s’amuser.<br />
La multidanses porte bien son nom, on pourra y pratiquer des danses traditionnelles celtiques à plusieurs pour plus de convivialité.<br />
Et aussi, Découvrir des rythmes salsa, tango, rock, Jazz….. apprendre des pas de bases sur des musiques que nous pourrions retrouver en soirée !<br />
Le cours commencera par un petit échauffement de quelque minutes,<br />
Puis nous enchaînerons les chorégraphies avec pour chacune un temps d’apprentissage des pas de base, et une découverte de la musique associée.</p>
<p>Nous alternerons des chorégraphies solo, à 2, en groupe.</p>
<p>Les chorégraphies seront répétées régulièrement au cours de l’année pour que nous puissions prendre plaisir à les danse</p>
<div></div>
<div></div>
<h2><span style="text-decoration: underline;"><strong><span style="color: #800080; text-decoration: underline;">Cours :</span></strong><span style="color: #800080; text-decoration: underline;"><span style="color: #000000; text-decoration: underline;">le mardi midi</span></span></span></h2>
<p><strong><span style="color: #800080;">Lieu : </span></strong><span style="color: #000000;">Espace Culturel de Vertou « cour et jardin », à l&rsquo;angle des rues Henri Delahaye et du 11 Novembre 1918. Salle « Activité »</span></p>
<p><strong><span style="color: #800080;">Cours Débutant : </span></strong><span style="color: #800080;"><span style="color: #000000;">de 12h30 à 13h30</span></span></p>
<p><strong><span style="color: #800080;">Cours inter-avancé : </span></strong><span style="color: #800080;"><span style="color: #000000;">de 13h30 à 14h30 </span></span></p>
<p>&nbsp;</p>
<h4><strong><span style="color: #800080;">Le professeur :</span></strong></h4>
<p><strong><u><span style="color: #000000;">Pauline Le Chatal</span></u></strong></p>
<p>J’ai commencé la danse dès mon plus jeune et n’ai jamais arrêté.<br />
L’enseignement était une vocation .<br />
C’est donc comme une évidence que j’ai passé le D.E. Jazz en 2005.<br />
Depuis j’ai eu la chance d’enseigner dans des lieux variés auprès de public de tous âges. Depuis 25 ans je complète ma formation en participant à des stages auprès de nombreux chorégraphes.<br />
Une soif d’apprendre et de partager avec les adhérents pour que la danse soit un vecteur de liberté et de confiance en soi.</p>
<h2 style="text-align: center;"><span style="text-decoration: underline;"><a href="http://alas-danse.fr/?page_id=22"><span style="color: #ff0000;"><span style="color: #ff0000; text-decoration: underline;">INSCRIPTION</span></span></a></span></h2>
<h4 style="text-align: left;"><span style="color: #ff0000;"><span style="color: #000000;">Pour toute info sur les inscriptions</span><a title="INSCRIPTIONS ET TARIFS Saison 2016-2017" href="http://alas-danse.com/inscriptions-2012-2013/"><span style="color: #000000;">,</span></a><span style="color: #000000;"> les modalités</span><a title="INSCRIPTIONS ET TARIFS Saison 2016-2017" href="http://alas-danse.com/inscriptions-2012-2013/"><span style="color: #000000;">,</span></a><span style="color: #000000;"> contacter ALAS DANSE par mail ou par téléphone.</span></span></h4>
<h2><a href="http://alas-danse.fr/?page_id=57"><strong><span style="color: #993366;">Contact</span></strong></a></h2>
<p><strong><span style="text-decoration: underline;">Des questions ?</span></strong></p>
<p>Merci de remplir le formulaire ci-dessous pour nous envoyer un message, n&rsquo;oubliez pas de préciser le cours dans lequel vous êtes inscrit ou dans lequel vous souhaitez vous inscrire.<br />
Nous vous répondrons dans les meilleurs délais.</p>

<div class="wpcf7 no-js" id="wpcf7-f68-o1" lang="fr-FR" dir="ltr" data-wpcf7-id="68">
<div class="screen-reader-response"><p role="status" aria-live="polite" aria-atomic="true"></p> <ul></ul></div>
<form action="/index.php?rest_route=%2Fwp%2Fv2%2Fpages%2F16#wpcf7-f68-o1" method="post" class="wpcf7-form init" aria-label="Formulaire de contact" novalidate="novalidate" data-status="init">
<fieldset class="hidden-fields-container"><input type="hidden" name="_wpcf7" value="68" /><input type="hidden" name="_wpcf7_version" value="6.1.1" /><input type="hidden" name="_wpcf7_locale" value="fr_FR" /><input type="hidden" name="_wpcf7_unit_tag" value="wpcf7-f68-o1" /><input type="hidden" name="_wpcf7_container_post" value="0" /><input type="hidden" name="_wpcf7_posted_data_hash" value="" />
</fieldset>
<p><label> Votre nom (obligatoire)<br />
<span class="wpcf7-form-control-wrap" data-name="your-name"><input size="40" maxlength="400" class="wpcf7-form-control wpcf7-text wpcf7-validates-as-required" aria-required="true" aria-invalid="false" value="" type="text" name="your-name" /></span> </label>
</p>
<p><label> Votre e-mail (obligatoire)<br />
<span class="wpcf7-form-control-wrap" data-name="your-email"><input size="40" maxlength="400" class="wpcf7-form-control wpcf7-email wpcf7-validates-as-required wpcf7-text wpcf7-validates-as-email" aria-required="true" aria-invalid="false" value="" type="email" name="your-email" /></span> </label>
</p>
<p><label> Sujet<br />
<span class="wpcf7-form-control-wrap" data-name="your-subject"><input size="40" maxlength="400" class="wpcf7-form-control wpcf7-text" aria-invalid="false" value="" type="text" name="your-subject" /></span> </label>
</p>
<p><label> Votre message<br />
<span class="wpcf7-form-control-wrap" data-name="your-message"><textarea cols="40" rows="10" maxlength="2000" class="wpcf7-form-control wpcf7-textarea" aria-invalid="false" name="your-message"></textarea></span> </label>
</p>
<p><input class="wpcf7-form-control wpcf7-submit has-spinner" type="submit" value="Envoyer" />
</p><div class="wpcf7-response-output" aria-hidden="true"></div>
</form>
</div>

<p>&nbsp; Le cours MULTIDANSES : détendez-vous, respirez, riez &#8230;bougez !. Panel de chorégraphies solo, à deux, en cercle&#8230; ce cours</p>
