{"id":288,"date":"2018-09-15T18:12:40","date_gmt":"2018-09-15T16:12:40","guid":{"rendered":"http:\/\/alas-danse.fr\/?page_id=288"},"modified":"2025-11-02T12:28:03","modified_gmt":"2025-11-02T11:28:03","slug":"le-bureau","status":"publish","type":"page","link":"https:\/\/alas-danse.fr\/?page_id=288","title":{"rendered":"LE BUREAU"},"content":{"rendered":"<p><img loading=\"lazy\" decoding=\"async\" class=\" wp-image-511 aligncenter\" src=\"http:\/\/alas-danse.fr\/wp-content\/uploads\/2018\/09\/reunion-bureau-1024x768.jpg\" alt=\"reunion-bureau\" width=\"408\" height=\"306\" srcset=\"https:\/\/alas-danse.fr\/wp-content\/uploads\/2018\/09\/reunion-bureau-1024x768.jpg 1024w, https:\/\/alas-danse.fr\/wp-content\/uploads\/2018\/09\/reunion-bureau-300x225.jpg 300w, https:\/\/alas-danse.fr\/wp-content\/uploads\/2018\/09\/reunion-bureau-768x576.jpg 768w, https:\/\/alas-danse.fr\/wp-content\/uploads\/2018\/09\/reunion-bureau.jpg 1280w\" sizes=\"auto, (max-width: 408px) 100vw, 408px\" \/><\/p>\n<p>Le bureau d&rsquo;ALAS DANSE\u00a0 tient \u00e0 rappeler (ou \u00e0 vous apprendre) que l&rsquo;association <b><span style=\"color: #ff00ff; font-size: large;\">ALAS <\/span><span style=\"color: #00ff00;\"><span style=\"font-size: large;\">DANSE<\/span> <\/span><\/b>est g\u00e9r\u00e9e par un <b><span style=\"color: #9900ff;\">Comit\u00e9 de Direction compos\u00e9 exclusivement de b\u00e9n\u00e9voles<\/span><\/b>. Ceux-ci ont aussi pour leur grande majorit\u00e9 une activit\u00e9 professionnelle et des familles qui les sollicitent \u00e9galement.<\/p>\n<p>Les appels t\u00e9l\u00e9phoniques, c&rsquo;est entre 18h30 et 20h en semaine et pas le weekend. MERCI<\/p>\n<p>Sandrine: La pr\u00e9sidente<\/p>\n<p>Nathalie : Vice Pr\u00e9sidente et responsable de la danse bien-\u00eatre<\/p>\n<p>Pauline : La tr\u00e9sori\u00e8re<\/p>\n<p>Aur\u00e9lie: La secr\u00e9taire<\/p>\n<p>Julia: Responsable Instagram et facebook<\/p>\n<p>Mathilde: Responsable du modern jazz<\/p>\n<p>Carine: Responsable site internet et line dance<\/p>\n<p>C\u00e9cile: Responsable des danses en couple<\/p>\n<p>Nelly: Responsable multidanses<\/p>\n<p>Sandrine: Responsable Lady style<\/p>\n<p>Sophie et Laetitia: Responsables Danses Orientales<\/p>\n<p>&nbsp;<\/p>\n<p>&nbsp;<\/p>\n<p>&nbsp;<\/p>\n<p>&nbsp;<\/p>\n<p>&nbsp;<\/p>\n","protected":false},"excerpt":{"rendered":"<p>Le bureau d&rsquo;ALAS DANSE\u00a0 tient \u00e0 rappeler (ou \u00e0 vous apprendre) que l&rsquo;association ALAS DANSE est g\u00e9r\u00e9e par un Comit\u00e9<\/p>\n","protected":false},"author":1,"featured_media":0,"parent":0,"menu_order":0,"comment_status":"closed","ping_status":"closed","template":"","meta":{"colormag_page_container_layout":"default_layout","colormag_page_sidebar_layout":"default_layout","footnotes":""},"class_list":["post-288","page","type-page","status-publish","hentry"],"jetpack_sharing_enabled":true,"_links":{"self":[{"href":"https:\/\/alas-danse.fr\/index.php?rest_route=\/wp\/v2\/pages\/288","targetHints":{"allow":["GET"]}}],"collection":[{"href":"https:\/\/alas-danse.fr\/index.php?rest_route=\/wp\/v2\/pages"}],"about":[{"href":"https:\/\/alas-danse.fr\/index.php?rest_route=\/wp\/v2\/types\/page"}],"author":[{"embeddable":true,"href":"https:\/\/alas-danse.fr\/index.php?rest_route=\/wp\/v2\/users\/1"}],"replies":[{"embeddable":true,"href":"https:\/\/alas-danse.fr\/index.php?rest_route=%2Fwp%2Fv2%2Fcomments&post=288"}],"version-history":[{"count":19,"href":"https:\/\/alas-danse.fr\/index.php?rest_route=\/wp\/v2\/pages\/288\/revisions"}],"predecessor-version":[{"id":1447,"href":"https:\/\/alas-danse.fr\/index.php?rest_route=\/wp\/v2\/pages\/288\/revisions\/1447"}],"wp:attachment":[{"href":"https:\/\/alas-danse.fr\/index.php?rest_route=%2Fwp%2Fv2%2Fmedia&parent=288"}],"curies":[{"name":"wp","href":"https:\/\/api.w.org\/{rel}","templated":true}]}}

<p><img loading="lazy" decoding="async" class=" wp-image-511 aligncenter" src="http://alas-danse.fr/wp-content/uploads/2018/09/reunion-bureau-1024x768.jpg" alt="reunion-bureau" width="408" height="306" srcset="https://alas-danse.fr/wp-content/uploads/2018/09/reunion-bureau-1024x768.jpg 1024w, https://alas-danse.fr/wp-content/uploads/2018/09/reunion-bureau-300x225.jpg 300w, https://alas-danse.fr/wp-content/uploads/2018/09/reunion-bureau-768x576.jpg 768w, https://alas-danse.fr/wp-content/uploads/2018/09/reunion-bureau.jpg 1280w" sizes="auto, (max-width: 408px) 100vw, 408px" /></p>
<p>Le bureau d&rsquo;ALAS DANSE  tient à rappeler (ou à vous apprendre) que l&rsquo;association <b><span style="color: #ff00ff; font-size: large;">ALAS </span><span style="color: #00ff00;"><span style="font-size: large;">DANSE</span> </span></b>est gérée par un <b><span style="color: #9900ff;">Comité de Direction composé exclusivement de bénévoles</span></b>. Ceux-ci ont aussi pour leur grande majorité une activité professionnelle et des familles qui les sollicitent également.</p>
<p>Les appels téléphoniques, c&rsquo;est entre 18h30 et 20h en semaine et pas le weekend. MERCI</p>
<p>Sandrine: La présidente</p>
<p>Nathalie : Vice Présidente et responsable de la danse bien-être</p>
<p>Pauline : La trésorière</p>
<p>Aurélie: La secrétaire</p>
<p>Julia: Responsable Instagram et facebook</p>
<p>Mathilde: Responsable du modern jazz</p>
<p>Carine: Responsable site internet et line dance</p>
<p>Cécile: Responsable des danses en couple</p>
<p>Nelly: Responsable multidanses</p>
<p>Sandrine: Responsable Lady style</p>
<p>Sophie et Laetitia: Responsables Danses Orientales</p>
<p>&nbsp;</p>
<p>&nbsp;</p>
<p>&nbsp;</p>
<p>&nbsp;</p>
<p>&nbsp;</p>

<p>Le bureau d&rsquo;ALAS DANSE  tient à rappeler (ou à vous apprendre) que l&rsquo;association ALAS DANSE est gérée par un Comité</p>
