{"id":545,"date":"2020-03-27T16:49:43","date_gmt":"2020-03-27T15:49:43","guid":{"rendered":"http:\/\/alas-danse.fr\/?page_id=545"},"modified":"2026-02-18T20:55:23","modified_gmt":"2026-02-18T19:55:23","slug":"cours-debutant","status":"publish","type":"page","link":"https:\/\/alas-danse.fr\/?page_id=545","title":{"rendered":"COURS DEBUTANT 2025-2026"},"content":{"rendered":"<p>Voici les danses que l&rsquo;on a apprises pendant la 1\u00e8re p\u00e9riode (septembre-octobre 2025)<\/p>\n<p>Le lien vous dirige vers la page du site CopperKnob qui correspond \u00e0 la danse. Vous faites d\u00e9filer.<\/p>\n<p>Dans la partie gauche, il y a la fiche de pas ( stepsheet in english!) qui est, le plus souvent, \u00e9crite en anglais mais aussi parfois en fran\u00e7ais (quand le lien se termine par \u00ab\u00a0fr\u00a0\u00bb) si cela vous tente d&rsquo;apprendre \u00e0 lire une fiche&#8230;.<\/p>\n<p>Dans le bandeau de droite, il y a d&rsquo;abord la musique qui vous dirige vers You Tube, puis des vid\u00e9os de d\u00e9mos de la danse et ensuite des vid\u00e9os de tutos (teach) o\u00f9 la danse est expliqu\u00e9e, encore une fois plut\u00f4t en anglais (ou en chinois ce qui ne nous avance pas beaucoup, j&rsquo;en conviens!!!). Certaines vid\u00e9os sont faites par les chor\u00e9graphes!!!<\/p>\n<p>&nbsp;<\/p>\n<h3>Danses enseign\u00e9es &#8211; Niveau d\u00e9butant &#8211; 1\u00e8re p\u00e9riode 2025\/2026<\/h3>\n<p>&nbsp;<\/p>\n<table style=\"height: 770px;\" border=\"1\" width=\"1051\" cellspacing=\"0\" cellpadding=\"4\">\n<tbody>\n<tr valign=\"TOP\">\n<td width=\"50%\"><span style=\"color: #000000;\"><span style=\"font-family: Comic Sans MS, Comic Sans MS, sans-serif;\"><span style=\"font-size: medium;\">Chor\u00e9s et chor\u00e9graphes<\/span><\/span><\/span><\/td>\n<td width=\"50%\"><span style=\"color: #000000;\"><span style=\"font-family: Comic Sans MS, Comic Sans MS, sans-serif;\"><span style=\"font-size: medium;\">Liens CopperKnob <\/span><\/span><\/span><\/td>\n<\/tr>\n<tr valign=\"TOP\">\n<td width=\"50%\"><span style=\"color: #000000;\"><span style=\"font-family: Comic Sans MS, Comic Sans MS, sans-serif;\"><span style=\"font-size: medium;\">3 Little Birds<\/span><\/span><\/span><span style=\"color: #000000;\"><span style=\"font-family: Comic Sans MS, Comic Sans MS, sans-serif;\"><span style=\"font-size: medium;\">Roy Verdonk, Raymond Sarlemijn &amp; Darren Bailey<\/span><\/span><\/span><\/td>\n<td width=\"50%\"><a href=\"https:\/\/www.copperknob.co.uk\/stepsheets\/196344\/3-little-birds\"><span style=\"color: #0000ff;\"><span style=\"font-family: Comic Sans MS, cursive;\"><span style=\"font-size: medium;\">https:\/\/www.copperknob.co.uk\/stepsheets\/196344\/3-little-birds<\/span><\/span><\/span><\/a><\/td>\n<\/tr>\n<tr valign=\"TOP\">\n<td width=\"50%\"><span style=\"color: #000000;\"><span style=\"font-family: Comic Sans MS, Comic Sans MS, sans-serif;\"><span style=\"font-size: medium;\">Living Line Fun<\/span><\/span><\/span><span style=\"color: #000000;\"><span style=\"font-family: Comic Sans MS, Comic Sans MS, sans-serif;\"><span style=\"font-size: medium;\">Fiona &amp; Roy Hadisubroto<\/span><\/span><\/span><\/td>\n<td width=\"50%\"><a href=\"https:\/\/www.copperknob.co.uk\/stepsheets\/188092\/living-line-fun\"><span style=\"color: #0000ff;\"><span style=\"font-family: Comic Sans MS, cursive;\"><span style=\"font-size: medium;\">https:\/\/www.copperknob.co.uk\/stepsheets\/188092\/living-line-fun<\/span><\/span><\/span><\/a><\/td>\n<\/tr>\n<tr valign=\"TOP\">\n<td width=\"50%\"><span style=\"color: #000000;\"><span style=\"font-family: Comic Sans MS, Comic Sans MS, sans-serif;\"><span style=\"font-size: medium;\">Get it Baby<\/span><\/span><\/span><span style=\"color: #000000;\"><span style=\"font-family: Comic Sans MS, Comic Sans MS, sans-serif;\"><span style=\"font-size: medium;\">Amy Christian<\/span><\/span><\/span><\/td>\n<td width=\"50%\"><a href=\"https:\/\/www.copperknob.co.uk\/stepsheets\/198784\/get-it-baby\"><span style=\"color: #0000ff;\"><span style=\"font-family: Comic Sans MS, cursive;\"><span style=\"font-size: medium;\">https:\/\/www.copperknob.co.uk\/stepsheets\/198784\/get-it-baby<\/span><\/span><\/span><\/a><\/td>\n<\/tr>\n<tr valign=\"TOP\">\n<td width=\"50%\"><span style=\"color: #000000;\"><span style=\"font-family: Comic Sans MS, Comic Sans MS, sans-serif;\"><span style=\"font-size: medium;\">Wings to Fly<\/span><\/span><\/span><span style=\"color: #000000;\"><span style=\"font-family: Comic Sans MS, Comic Sans MS, sans-serif;\"><span style=\"font-size: medium;\">Rhoda Lai &amp; Hayley Wheatley<\/span><\/span><\/span><\/td>\n<td width=\"50%\"><a href=\"https:\/\/www.copperknob.co.uk\/stepsheets\/198005\/wings-to-fly\"><span style=\"color: #0000ff;\"><span style=\"font-family: Comic Sans MS, cursive;\"><span style=\"font-size: medium;\">https:\/\/www.copperknob.co.uk\/stepsheets\/198005\/wings-to-fly<\/span><\/span><\/span><\/a><\/td>\n<\/tr>\n<tr valign=\"TOP\">\n<td width=\"50%\"><span style=\"color: #000000;\"><span style=\"font-family: Comic Sans MS, Comic Sans MS, sans-serif;\"><span style=\"font-size: medium;\">You&rsquo;re the one that I Want<\/span><\/span><\/span><span style=\"color: #000000;\"><span style=\"font-family: Comic Sans MS, Comic Sans MS, sans-serif;\"><span style=\"font-size: medium;\">Leslie Fjelltveit<\/span><\/span><\/span><\/td>\n<td width=\"50%\"><a href=\"https:\/\/www.copperknob.co.uk\/stepsheets\/167434\/youre-the-one-that-i-want\"><span style=\"color: #0000ff;\"><span style=\"font-family: Comic Sans MS, cursive;\"><span style=\"font-size: medium;\">https:\/\/www.copperknob.co.uk\/stepsheets\/167434\/youre-the-one-that-i-want<\/span><\/span><\/span><\/a><\/td>\n<\/tr>\n<tr valign=\"TOP\">\n<td width=\"50%\"><span style=\"color: #000000;\"><span style=\"font-family: Comic Sans MS, Comic Sans MS, sans-serif;\"><span style=\"font-size: medium;\">Back to the Start<\/span><\/span><\/span><span style=\"color: #000000;\"><span style=\"font-family: Comic Sans MS, Comic Sans MS, sans-serif;\"><span style=\"font-size: medium;\">Hayley Wheatley<\/span><\/span><\/span><\/td>\n<td width=\"50%\"><a href=\"https:\/\/www.copperknob.co.uk\/stepsheets\/131704\/back-to-the-start\"><span style=\"color: #0000ff;\"><span style=\"font-family: Comic Sans MS, cursive;\"><span style=\"font-size: medium;\">https:\/\/www.copperknob.co.uk\/stepsheets\/131704\/back-to-the-start<\/span><\/span><\/span><\/a><\/td>\n<\/tr>\n<tr valign=\"TOP\">\n<td width=\"50%\"><span style=\"color: #000000;\"><span style=\"font-family: Comic Sans MS, Comic Sans MS, sans-serif;\"><span style=\"font-size: medium;\">Stand by Me<\/span><\/span><\/span><span style=\"color: #000000;\"><span style=\"font-family: Comic Sans MS, Comic Sans MS, sans-serif;\"><span style=\"font-size: medium;\">Raymond Sarlemijn &amp; Roy Verdonk<\/span><\/span><\/span><\/td>\n<td width=\"50%\"><a href=\"https:\/\/www.copperknob.co.uk\/stepsheets\/168263\/stand-by-me\"><span style=\"color: #0000ff;\"><span style=\"font-family: Comic Sans MS, cursive;\"><span style=\"font-size: medium;\">https:\/\/www.copperknob.co.uk\/stepsheets\/168263\/stand-by-me<\/span><\/span><\/span><\/a><\/td>\n<\/tr>\n<tr valign=\"TOP\">\n<td width=\"50%\"><span style=\"color: #000000;\"><span style=\"font-family: Comic Sans MS, Comic Sans MS, sans-serif;\"><span style=\"font-size: medium;\">Cryo<\/span><\/span><\/span><span style=\"color: #000000;\"><span style=\"font-family: Comic Sans MS, Comic Sans MS, sans-serif;\"><span style=\"font-size: medium;\">Amanda Rizzello<\/span><\/span><\/span><\/td>\n<td width=\"50%\"><a href=\"https:\/\/www.copperknob.co.uk\/stepsheets\/191123\/cryo\"><span style=\"color: #0000ff;\"><span style=\"font-family: Comic Sans MS, cursive;\"><span style=\"font-size: medium;\">https:\/\/www.copperknob.co.uk\/stepsheets\/191123\/cryo<\/span><\/span><\/span><\/a><\/td>\n<\/tr>\n<tr valign=\"TOP\">\n<td width=\"50%\"><span style=\"color: #000000;\"><span style=\"font-family: Comic Sans MS, Comic Sans MS, sans-serif;\"><span style=\"font-size: medium;\">Rocket to the sun<\/span><\/span><\/span><span style=\"color: #000000;\"><span style=\"font-family: Comic Sans MS, Comic Sans MS, sans-serif;\"><span style=\"font-size: medium;\">Maddison Glover<\/span><\/span><\/span><\/td>\n<td width=\"50%\"><a href=\"https:\/\/www.copperknob.co.uk\/stepsheets\/92079\/rocket-to-the-sun\"><span style=\"color: #0000ff;\"><span style=\"font-family: Comic Sans MS, cursive;\"><span style=\"font-size: medium;\">https:\/\/www.copperknob.co.uk\/stepsheets\/92079\/rocket-to-the-sun<\/span><\/span><\/span><\/a><\/td>\n<\/tr>\n<\/tbody>\n<\/table>\n<h3 style=\"text-align: left;\" align=\"CENTER\"><span style=\"font-family: Comic Sans MS, cursive;\">Danses enseign\u00e9es &#8211; Niveau d\u00e9butant &#8211; 2\u00e8me p\u00e9riode 2025\/2026<\/span><\/h3>\n<table style=\"height: 944px;\" border=\"1\" width=\"1056\" cellspacing=\"0\" cellpadding=\"5\">\n<tbody>\n<tr valign=\"TOP\">\n<td width=\"163\">\n<p><span style=\"font-family: Comic Sans MS, cursive;\"><span style=\"font-size: medium;\">Chor\u00e9s et chor\u00e9graphes<\/span><\/span><\/p>\n<\/td>\n<td width=\"431\">\n<p lang=\"en-GB\"><span style=\"font-family: Comic Sans MS, cursive;\"><span style=\"font-size: small;\">Liens CopperKnob<\/span><\/span><\/p>\n<\/td>\n<\/tr>\n<tr valign=\"TOP\">\n<td width=\"163\">\n<p lang=\"en-GB\"><span style=\"font-family: Comic Sans MS, cursive;\"><span style=\"font-size: medium;\"><u>A Little Dream<\/u><\/span><\/span><\/p>\n<p lang=\"en-GB\"><span style=\"font-family: Comic Sans MS, cursive;\"><span style=\"font-size: medium;\">Guillaume Richard<\/span><\/span><\/p>\n<\/td>\n<td width=\"431\">\n<p><a href=\"https:\/\/www.copperknob.co.uk\/stepsheets\/195882\/a-little-dream\"><span style=\"color: #0000ff;\"><u><span style=\"font-family: Comic Sans MS, cursive;\"><span style=\"font-size: medium;\"><span lang=\"en-GB\">https:\/\/www.copperknob.co.uk\/stepsheets\/195882\/a-little-dream<\/span><\/span><\/span><\/u><\/span><\/a><\/p>\n<\/td>\n<\/tr>\n<tr valign=\"TOP\">\n<td width=\"163\">\n<p><span style=\"font-family: Comic Sans MS, cursive;\"><span style=\"font-size: medium;\"><u>Mamma Maria<\/u><\/span><\/span><\/p>\n<p><span style=\"font-family: Comic Sans MS, cursive;\"><span style=\"font-size: medium;\">Franck Trace<\/span><\/span><\/p>\n<\/td>\n<td width=\"431\">\n<p><a href=\"https:\/\/www.copperknob.co.uk\/stepsheets\/77629\/mamma-maria\"><span style=\"color: #0000ff;\"><u><span style=\"font-family: Comic Sans MS, cursive;\"><span style=\"font-size: medium;\">https:\/\/www.copperknob.co.uk\/stepsheets\/77629\/mamma-maria<\/span><\/span><\/u><\/span><\/a><\/p>\n<\/td>\n<\/tr>\n<tr valign=\"TOP\">\n<td width=\"163\">\n<p lang=\"de-DE\"><span style=\"font-family: Comic Sans MS, cursive;\"><span style=\"font-size: medium;\"><u>Blink 2.0<\/u><\/span><\/span><\/p>\n<p lang=\"de-DE\"><span style=\"font-family: Comic Sans MS, cursive;\"><span style=\"font-size: medium;\">Darren Bailey<\/span><\/span><\/p>\n<\/td>\n<td width=\"431\">\n<p><a href=\"https:\/\/www.youtube.com\/watch?v=KaBjfzTU_J4\"><span style=\"color: #0000ff;\"><u><span style=\"font-family: Comic Sans MS, cursive;\"><span style=\"font-size: medium;\"><span lang=\"de-DE\">https:\/\/www.youtube.com\/watch?v=KaBjfzTU_J4<\/span><\/span><\/span><\/u><\/span><\/a><\/p>\n<\/td>\n<\/tr>\n<tr valign=\"TOP\">\n<td width=\"163\">\n<p lang=\"fr-FR\"><span style=\"font-family: Comic Sans MS, cursive;\"><span style=\"font-size: medium;\"><u>We are Family<\/u><\/span><\/span><\/p>\n<p lang=\"fr-FR\"><span style=\"font-family: Comic Sans MS, cursive;\"><span style=\"font-size: medium;\">Darren Bailey<\/span><\/span><\/p>\n<\/td>\n<td width=\"431\">\n<p><a href=\"https:\/\/www.copperknob.co.uk\/stepsheets\/197892\/we-are-family\"><span style=\"color: #0000ff;\"><u><span style=\"font-family: Comic Sans MS, cursive;\"><span style=\"font-size: medium;\"><span lang=\"de-DE\">https:\/\/www.copperknob.co.uk\/stepsheets\/197892\/we-are-family<\/span><\/span><\/span><\/u><\/span><\/a><\/p>\n<\/td>\n<\/tr>\n<tr valign=\"TOP\">\n<td width=\"163\">\n<p><span style=\"font-family: Comic Sans MS, cursive;\"><span style=\"font-size: medium;\"><u>Loved by you<\/u><\/span><\/span><\/p>\n<p><span style=\"font-family: Comic Sans MS, cursive;\"><span style=\"font-size: medium;\">Lee Hamilton &amp; Heather Barton<\/span><\/span><\/p>\n<\/td>\n<td width=\"431\">\n<p><a href=\"https:\/\/www.copperknob.co.uk\/stepsheets\/194181\/loved-by-you\"><span style=\"color: #0000ff;\"><u><span style=\"font-family: Comic Sans MS, cursive;\"><span style=\"font-size: medium;\">https:\/\/www.copperknob.co.uk\/stepsheets\/194181\/loved-by-you<\/span><\/span><\/u><\/span><\/a><\/p>\n<\/td>\n<\/tr>\n<tr valign=\"TOP\">\n<td width=\"163\">\n<p><span style=\"font-family: Comic Sans MS, cursive;\"><span style=\"font-size: medium;\"><u>My Only Baby<\/u><\/span><\/span><\/p>\n<p><span style=\"font-family: Comic Sans MS, cursive;\"><span style=\"font-size: medium;\">Florian Simon &amp; Ben Murphy<\/span><\/span><\/p>\n<\/td>\n<td width=\"431\">\n<p><a href=\"https:\/\/www.copperknob.co.uk\/stepsheets\/167929\/my-only-baby\"><span style=\"color: #0000ff;\"><u><span style=\"font-family: Comic Sans MS, cursive;\"><span style=\"font-size: medium;\">https:\/\/www.copperknob.co.uk\/stepsheets\/167929\/my-only-baby<\/span><\/span><\/u><\/span><\/a><\/p>\n<\/td>\n<\/tr>\n<tr valign=\"TOP\">\n<td width=\"163\">\n<p><span style=\"font-family: Comic Sans MS, cursive;\"><span style=\"font-size: medium;\"><u>Dance your Jingle Bells off<\/u><\/span><\/span><\/p>\n<p><span style=\"font-family: Comic Sans MS, cursive;\"><span style=\"font-size: medium;\">Sandy Kerrigan<\/span><\/span><\/p>\n<\/td>\n<td width=\"431\">\n<p><a href=\"https:\/\/www.copperknob.co.uk\/stepsheets\/205071\/dance-your-jingle-bells-off-circle-dance\"><span style=\"font-family: Comic Sans MS, cursive;\">https:\/\/www.copperknob.co.uk\/stepsheets\/205071\/dance-your-jingle-bells-off-circle-dance<\/span><\/a><\/p>\n<\/td>\n<\/tr>\n<\/tbody>\n<\/table>\n<h3><span style=\"color: #000000;\"><span style=\"font-family: Comic Sans MS, Comic Sans MS, sans-serif;\"><span style=\"font-size: medium;\">Danses enseign\u00e9es &#8211; Niveau d\u00e9butant &#8211; 3\u00e8me<\/span><\/span><\/span> <span style=\"font-family: Comic Sans MS, cursive;\">p\u00e9riode 2025\/2026<\/span><\/h3>\n<table style=\"height: 704px;\" border=\"1\" width=\"1051\" cellspacing=\"0\" cellpadding=\"4\">\n<tbody>\n<tr valign=\"TOP\">\n<td width=\"50%\">\n<p><span style=\"color: #000000;\"><span style=\"font-family: Comic Sans MS, Comic Sans MS, sans-serif;\"><span style=\"font-size: medium;\">Chor\u00e9s et chor\u00e9graphes<\/span><\/span><\/span><\/p>\n<\/td>\n<td width=\"50%\">\n<p><span style=\"color: #000000;\"><span style=\"font-family: Comic Sans MS, Comic Sans MS, sans-serif;\"><span style=\"font-size: medium;\">Liens CopperKnob <\/span><\/span><\/span><\/p>\n<\/td>\n<\/tr>\n<tr valign=\"TOP\">\n<td width=\"50%\">\n<p><span style=\"color: #000000;\"><span style=\"font-family: Comic Sans MS, Comic Sans MS, sans-serif;\"><span style=\"font-size: medium;\"><u>Soda Pop AB<\/u><\/span><\/span><\/span><\/p>\n<p><span style=\"color: #000000;\"><span style=\"font-family: Comic Sans MS, Comic Sans MS, sans-serif;\"><span style=\"font-size: medium;\">Ang\u00e9line Fourmage<\/span><\/span><\/span><\/p>\n<\/td>\n<td width=\"50%\">\n<p><a href=\"https:\/\/www.copperknob.co.uk\/stepsheets\/200974\/soda-pop-ab\"><span style=\"color: #0000ff;\"><span style=\"font-family: Comic Sans MS, cursive;\"><span style=\"font-size: medium;\">https:\/\/www.copperknob.co.uk\/stepsheets\/200974\/soda-pop-ab<\/span><\/span><\/span><\/a><\/p>\n<\/td>\n<\/tr>\n<tr valign=\"TOP\">\n<td width=\"50%\">\n<p><span style=\"color: #000000;\"><span style=\"font-family: Comic Sans MS, Comic Sans MS, sans-serif;\"><span style=\"font-size: medium;\"><u>Azizam<\/u><\/span><\/span><\/span><\/p>\n<p><span style=\"color: #000000;\"><span style=\"font-family: Comic Sans MS, Comic Sans MS, sans-serif;\"><span style=\"font-size: medium;\">Andrew Hayes<\/span><\/span><\/span><\/p>\n<\/td>\n<td width=\"50%\">\n<p><a href=\"https:\/\/www.copperknob.co.uk\/stepsheets\/195014\/azizam\"><span style=\"color: #0000ff;\"><span style=\"font-family: Comic Sans MS, cursive;\"><span style=\"font-size: medium;\">https:\/\/www.copperknob.co.uk\/stepsheets\/195014\/azizam<\/span><\/span><\/span><\/a><\/p>\n<\/td>\n<\/tr>\n<tr valign=\"TOP\">\n<td width=\"50%\">\n<p><span style=\"color: #000000;\"><span style=\"font-family: Comic Sans MS, Comic Sans MS, sans-serif;\"><span style=\"font-size: medium;\"><u>Glass of Wine<\/u><\/span><\/span><\/span><\/p>\n<p><span style=\"color: #000000;\"><span style=\"font-family: Comic Sans MS, Comic Sans MS, sans-serif;\"><span style=\"font-size: medium;\">Malene Jakobsen<\/span><\/span><\/span><\/p>\n<\/td>\n<td width=\"50%\">\n<p><a href=\"https:\/\/www.copperknob.co.uk\/stepsheets\/162168\/glass-of-wine\"><span style=\"color: #0000ff;\"><span style=\"font-family: Comic Sans MS, cursive;\"><span style=\"font-size: medium;\">https:\/\/www.copperknob.co.uk\/stepsheets\/162168\/glass-of-wine<\/span><\/span><\/span><\/a><\/p>\n<\/td>\n<\/tr>\n<tr valign=\"TOP\">\n<td width=\"50%\">\n<p><span style=\"color: #000000;\"><span style=\"font-family: Comic Sans MS, Comic Sans MS, sans-serif;\"><span style=\"font-size: medium;\"><u>Like the Stars<\/u><\/span><\/span><\/span><\/p>\n<p><span style=\"color: #000000;\"><span style=\"font-family: Comic Sans MS, Comic Sans MS, sans-serif;\"><span style=\"font-size: medium;\">Jos\u00e9 Miguel Belloque Vane, Gr\u00e9gory Danvoie &amp; Jeff Camps<\/span><\/span><\/span><\/p>\n<\/td>\n<td width=\"50%\">\n<p><a href=\"https:\/\/www.copperknob.co.uk\/stepsheets\/194167\/like-the-stars\"><span style=\"color: #0000ff;\"><span style=\"font-family: Comic Sans MS, cursive;\"><span style=\"font-size: medium;\">https:\/\/www.copperknob.co.uk\/stepsheets\/194167\/like-the-stars<\/span><\/span><\/span><\/a><\/p>\n<\/td>\n<\/tr>\n<tr valign=\"TOP\">\n<td width=\"50%\">\n<p><span style=\"color: #000000;\"><span style=\"font-family: Comic Sans MS, Comic Sans MS, sans-serif;\"><span style=\"font-size: medium;\"><u>The Vibe AB<\/u><\/span><\/span><\/span><\/p>\n<p><span style=\"color: #000000;\"><span style=\"font-family: Comic Sans MS, Comic Sans MS, sans-serif;\"><span style=\"font-size: medium;\">Martine L\u00e9pine<\/span><\/span><\/span><\/p>\n<\/td>\n<td width=\"50%\">\n<p><a href=\"https:\/\/www.copperknob.co.uk\/stepsheets\/207074\/the-vibe-ab\"><span style=\"color: #0000ff;\"><span style=\"font-family: Comic Sans MS, cursive;\"><span style=\"font-size: medium;\">https:\/\/www.copperknob.co.uk\/stepsheets\/207074\/the-vibe-ab<\/span><\/span><\/span><\/a><\/p>\n<\/td>\n<\/tr>\n<tr valign=\"TOP\">\n<td width=\"50%\">\n<p><span style=\"color: #000000;\"><span style=\"font-family: Comic Sans MS, Comic Sans MS, sans-serif;\"><span style=\"font-size: medium;\"><u>So Please don&rsquo;t Go<\/u><\/span><\/span><\/span><\/p>\n<p><span style=\"color: #000000;\"><span style=\"font-family: Comic Sans MS, Comic Sans MS, sans-serif;\"><span style=\"font-size: medium;\">Gr\u00e9gory Danvoie<\/span><\/span><\/span><\/p>\n<\/td>\n<td width=\"50%\">\n<p><a href=\"https:\/\/www.copperknob.co.uk\/stepsheets\/196959\/so-please-dont-go\"><span style=\"color: #0000ff;\"><span style=\"font-family: Comic Sans MS, cursive;\"><span style=\"font-size: medium;\">https:\/\/www.copperknob.co.uk\/stepsheets\/196959\/so-please-dont-go<\/span><\/span><\/span><\/a><\/p>\n<\/td>\n<\/tr>\n<\/tbody>\n<\/table>\n\n\n<p><\/p>\n","protected":false},"excerpt":{"rendered":"<p>Voici les danses que l&rsquo;on a apprises pendant la 1\u00e8re p\u00e9riode (septembre-octobre 2025) Le lien vous dirige vers la page<\/p>\n","protected":false},"author":1,"featured_media":0,"parent":18,"menu_order":2,"comment_status":"closed","ping_status":"closed","template":"","meta":{"colormag_page_container_layout":"no_sidebar_full_width","colormag_page_sidebar_layout":"no_sidebar","footnotes":""},"class_list":["post-545","page","type-page","status-publish","hentry"],"jetpack_sharing_enabled":true,"_links":{"self":[{"href":"https:\/\/alas-danse.fr\/index.php?rest_route=\/wp\/v2\/pages\/545","targetHints":{"allow":["GET"]}}],"collection":[{"href":"https:\/\/alas-danse.fr\/index.php?rest_route=\/wp\/v2\/pages"}],"about":[{"href":"https:\/\/alas-danse.fr\/index.php?rest_route=\/wp\/v2\/types\/page"}],"author":[{"embeddable":true,"href":"https:\/\/alas-danse.fr\/index.php?rest_route=\/wp\/v2\/users\/1"}],"replies":[{"embeddable":true,"href":"https:\/\/alas-danse.fr\/index.php?rest_route=%2Fwp%2Fv2%2Fcomments&post=545"}],"version-history":[{"count":29,"href":"https:\/\/alas-danse.fr\/index.php?rest_route=\/wp\/v2\/pages\/545\/revisions"}],"predecessor-version":[{"id":1463,"href":"https:\/\/alas-danse.fr\/index.php?rest_route=\/wp\/v2\/pages\/545\/revisions\/1463"}],"up":[{"embeddable":true,"href":"https:\/\/alas-danse.fr\/index.php?rest_route=\/wp\/v2\/pages\/18"}],"wp:attachment":[{"href":"https:\/\/alas-danse.fr\/index.php?rest_route=%2Fwp%2Fv2%2Fmedia&parent=545"}],"curies":[{"name":"wp","href":"https:\/\/api.w.org\/{rel}","templated":true}]}}